{"version":"1.0","provider_name":"Galeries Lafayette Paris Haussmann","provider_url":"https:\/\/haussmann.galerieslafayette.com\/es\/","author_name":"Chiayu Lee","author_url":"https:\/\/haussmann.galerieslafayette.com\/es\/author\/cylee\/","title":"Air France \ud83d\udeeb  - Galeries Lafayette Paris Haussmann","type":"rich","width":600,"height":338,"html":"<blockquote class=\"wp-embedded-content\" data-secret=\"VRcrZXPbJ1\"><a href=\"https:\/\/haussmann.galerieslafayette.com\/es\/air-france-celebra-90-anos-de-elegancia\/\"><H style=\"color:#16214e\";> Air France \ud83d\udeeb <\/H><\/a><\/blockquote><iframe sandbox=\"allow-scripts\" security=\"restricted\" src=\"https:\/\/haussmann.galerieslafayette.com\/es\/air-france-celebra-90-anos-de-elegancia\/embed\/#?secret=VRcrZXPbJ1\" width=\"600\" height=\"338\" title=\"\u00ab&lt;H style=&quot;color:#16214e&quot;;&gt; Air France \ud83d\udeeb &lt;\/H&gt;\u00bb \u2014 Galeries Lafayette Paris Haussmann\" data-secret=\"VRcrZXPbJ1\" frameborder=\"0\" marginwidth=\"0\" marginheight=\"0\" scrolling=\"no\" class=\"wp-embedded-content\"><\/iframe><script>\n\/*! This file is auto-generated *\/\n!function(d,l){\"use strict\";l.querySelector&&d.addEventListener&&\"undefined\"!=typeof URL&&(d.wp=d.wp||{},d.wp.receiveEmbedMessage||(d.wp.receiveEmbedMessage=function(e){var t=e.data;if((t||t.secret||t.message||t.value)&&!\/[^a-zA-Z0-9]\/.test(t.secret)){for(var s,r,n,a=l.querySelectorAll('iframe[data-secret=\"'+t.secret+'\"]'),o=l.querySelectorAll('blockquote[data-secret=\"'+t.secret+'\"]'),c=new RegExp(\"^https?:$\",\"i\"),i=0;i<o.length;i++)o[i].style.display=\"none\";for(i=0;i<a.length;i++)s=a[i],e.source===s.contentWindow&&(s.removeAttribute(\"style\"),\"height\"===t.message?(1e3<(r=parseInt(t.value,10))?r=1e3:~~r<200&&(r=200),s.height=r):\"link\"===t.message&&(r=new URL(s.getAttribute(\"src\")),n=new URL(t.value),c.test(n.protocol))&&n.host===r.host&&l.activeElement===s&&(d.top.location.href=t.value))}},d.addEventListener(\"message\",d.wp.receiveEmbedMessage,!1),l.addEventListener(\"DOMContentLoaded\",function(){for(var e,t,s=l.querySelectorAll(\"iframe.wp-embedded-content\"),r=0;r<s.length;r++)(t=(e=s[r]).getAttribute(\"data-secret\"))||(t=Math.random().toString(36).substring(2,12),e.src+=\"#?secret=\"+t,e.setAttribute(\"data-secret\",t)),e.contentWindow.postMessage({message:\"ready\",secret:t},\"*\")},!1)))}(window,document);\n<\/script>\n","thumbnail_url":"https:\/\/haussmann.galerieslafayette.com\/wp-content\/uploads\/2023\/09\/Capture.jpg","thumbnail_width":1337,"thumbnail_height":752,"description":"DEL 28 DE SEPTIEMBRE AL 10 DE OCTUBRE DE 2023, LAS GALERIES LAFAYETTE PARIS HAUSSMANN ACOGER\u00c1N LA EXPOSICI\u00d3N DE AIR FRANCE CON MOTIVO DE SU 90 ANIVERSARIO \ud83d\udeeb El 7 de octubre de 2023, Air France celebra 90 a\u00f1os de viajes, elegancia, tecnolog\u00eda, gastronom\u00eda, moda, arquitectura y dise\u00f1o. Para la ocasi\u00f3n, la empresa ha optado [&hellip;]"}

DEL 28 DE SEPTIEMBRE AL 10 DE OCTUBRE DE 2023, LAS GALERIES LAFAYETTE PARIS HAUSSMANN ACOGERÁN LA EXPOSICIÓN DE AIR FRANCE CON MOTIVO DE SU 90 ANIVERSARIO 🛫 El 7 de octubre de 2023, Air France celebra 90 años de viajes, elegancia, tecnología, gastronomía, moda, arquitectura y diseño. Para la ocasión, la empresa ha optado [&hellip;]
